are the prime factors of 1742849512?
2, 31, 43, 163433
What are the prime factors of 1266349537?
541, 2340757
What are the prime factors of 61879122?
2, 3, 347, 9907
What are the prime factors of 258275693?
13, 103, 192887
What are the prime factors of 1443042288?
2, 3, 10021127
What are the prime factors of 1042379570?
2, 5, 83, 89, 103, 137
List the prime factors of 1522803670.
2, 5, 107, 1423181
List the prime factors of 787950732.
2, 3, 65662561
What are the prime factors of 1469103929?
229, 6415301
List the prime factors of 217422191.
7, 109, 284957
What are the prime factors of 152041910?
2, 5, 1579, 9629
What are the prime factors of 397946011?
397946011
List the prime factors of 731348610.
2, 3, 5, 617, 39511
List the prime factors of 66031846.
2, 71, 465013
List the prime factors of 820480444.
2, 7, 29302873
What are the prime factors of 680597366?
2, 19, 17910457
What are the prime factors of 78173192?
2, 101, 96749
List the prime factors of 73847748.
2, 3, 13, 473383
What are the prime factors of 53543421?
3, 17, 61, 5737
List the prime factors of 372735234.
2, 3, 17, 1218089
List the prime factors of 41061947.
43, 954929
List the prime factors of 271002271.
271002271
What are the prime factors of 3771609492?
2, 3, 7, 44900113
List the prime factors of 5189640005.
5, 11, 94357091
What are the prime factors of 34310310?
2, 3, 5, 1013, 1129
List the prime factors of 127495338.
2, 3, 109, 383, 509
List the prime factors of 436402443.
3, 145467481
What are the prime factors of 2152677076?
2, 11, 29, 31, 54421
List the prime factors of 873175744.
2, 7, 1949053
List the prime factors of 32724249.
3, 79, 138077
List the prime factors of 621982204.
2, 239, 650609
What are the prime factors of 54352363?
13, 421, 9931
What are the prime factors of 284444457?
3, 11, 139, 62011
List the prime factors of 109861564.
2, 27465391
List the prime factors of 2470020130.
2, 5, 247002013
List the prime factors of 1126411815.
3, 5, 31, 2422391
What are the prime factors of 2203224054?
2, 3, 113, 3249593
List the prime factors of 2941319059.
7, 71, 5918147
What are the prime factors of 219094739?
29, 53, 142547
What are the prime factors of 13152882?
2, 3, 41, 127, 421
What are the prime factors of 76837068?
2, 3, 7, 11, 53, 523
List the prime factors of 332165875.
5, 2657327
What are the prime factors of 87996219?
3, 29332073
List the prime factors of 593490824.
2, 67, 163, 6793
What are the prime factors of 712082225?
5, 3671, 7759
What are the prime factors of 533025491?
709, 751799
List the prime factors of 399737774.
2, 751, 266137
What are the prime factors of 74316103?
101, 839, 877
List the prime factors of 12744745.
5, 13, 196073
What are the prime factors of 399813105?
3, 5, 19, 373, 3761
What are the prime factors of 65795286?
2, 3, 211, 51971
What are the prime factors of 5141311756?
2, 7, 183618277
List the prime factors of 371278009.
17123, 21683
List the prime factors of 1486625139.
3, 6329, 26099
List the prime factors of 1451064161.
12497, 116113
What are the prime factors of 1324312451?
7, 11, 1563533
What are the prime factors of 742941233?
571, 1301123
What are the prime factors of 255807119?
181, 953, 1483
List the prime factors of 335644785.
3, 5, 7, 19, 56081
What are the prime factors of 1475809961?
1475809961
List the prime factors of 1259364176.
2, 7, 11244323
What are the prime factors of 85352190?
2, 3, 5, 7, 11, 3359
List the prime factors of 69868488.
2, 3, 2911187
List the prime factors of 1654788327.
3, 551596109
What are the prime factors of 3901958?
2, 1950979
List the prime factors of 285055101.
3, 31672789
What are the prime factors of 4944092145?
3, 5, 329606143
List the prime factors of 1652767953.
3, 19, 53, 547093
List the prime factors of 31385899.
683, 45953
What are the prime factors of 68129625?
3, 5, 17, 10687
What are the prime factors of 8606974117?
7, 929, 27011
What are the prime factors of 5227774578?
2, 3, 13, 22340917
What are the prime factors of 65497421?
11, 541301
List the prime factors of 768624349.
17, 45213197
What are the prime factors of 7915030875?
3, 5, 683, 10301
What are the prime factors of 195756577?
195756577
List the prime factors of 726800728.
2, 17, 157, 34039
What are the prime factors of 5459746?
2, 1201, 2273
What are the prime factors of 3715677?
3, 7, 58979
What are the prime factors of 370629132?
2, 3, 79, 390959
What are the prime factors of 1012308545?
5, 23, 179, 49177
List the prime factors of 3500119430.
2, 5, 1723, 203141
List the prime factors of 372173099.
372173099
List the prime factors of 49407652.
2, 7, 1764559
What are the prime factors of 55456996?
2, 7, 1980607
List the prime factors of 64634119.
11, 17, 345637
What are the prime factors of 1829864701?
7, 1523, 171641
List the prime factors of 531230968.
2, 359, 184969
What are the prime factors of 683332420?
2, 5, 34166621
List the prime factors of 45869329.
11, 29, 143791
List the prime factors of 13488589.
13488589
What are the prime factors of 4269752213?
601, 7104413
What are the prime factors of 33503072?
2, 179, 5849
List the prime factors of 2102027389.
7, 11, 47, 191, 3041
What are the prime factors of 2056013407?
7, 293716201
What are the prime factors of 139119953?
7, 47, 422857
What are the prime factors of 1228894667?
7, 11, 13, 109, 1609
What are the prime factors of 360734008?
2, 45091751
List the prime factors of 269555149.
107, 773, 3259
What are the prime factors of 7623324034?
2, 20231, 188407
What are the prime factors of 179017050?
2, 3, 5, 19, 23, 2731
What are the prime factors of 564622388?
2, 11, 71, 149, 1213
List the prime factors of 135719509.
11383, 11923
What are the prime factors of 215043662?
2, 107521831
What are the prime factors of 7399268?
2, 43, 43019
List the prime factors of 739765112.
2, 4967, 18617
List the prime factors of 76775870.
2, 5, 7677587
What are the prime factors of 190079441?
1657, 114713
What are the prime factors of 230489940?
2, 3, 5, 3841499
What are the prime factors of 31659338?
2, 17, 53, 17569
What are the prime factors of 183255042?
2, 3, 30542507
What are the prime factors of 83109772?
2, 20777443
What are the prime factors of 3955713336?
2, 3, 31, 1772273
List the prime factors of 78887875.
5, 11, 57373
What are the prime factors of 140923832?
2, 7, 2516497
What are the prime factors of 938286909?
3, 7, 23, 29, 827
What are the prime factors of 83776787?
23, 31, 117499
List the prime factors of 34244920.
2, 5, 79, 10837
What are the prime factors of 34228159?
7, 197, 24821
List the prime factors of 232311089.
232311089
List the prime factors of 29911539.
3, 7, 1424359
List the prime factors of 13175367.
3, 29, 37, 4093
List the prime factors of 13879906.
2, 89, 77977
What are the prime factors of 6444434603?
2273, 2835211
List the prime factors of 640375579.
479, 1336901
List the prime factors of 975650199.
3, 223, 1458371
List the prime factors of 65412675.
3, 5, 43, 6761
List the prime factors of 66375814.
2, 33187907
What are the prime factors of 15588343?
2963, 5261
What are the prime factors of 1662225246?
2, 3, 11, 2798359
List the prime factors of 2768103354.
2, 3, 59, 7819501
What are the prime factors of 147482500?
2, 5, 11, 31, 173
What are the prime factors of 9553195?
5, 67, 28517
List the prime factors of 230065832.
2, 19, 1513591
What are the prime factors of 3299325540?
2, 3, 5, 7, 7855537
What are the prime factors of 49101920?
2, 5, 7, 6263
What are the prime factors of 577065288?
2, 3, 24044387
What are the prime factors of 692637074?
2, 313, 1106449
What are the prime factors of 787486977?
3, 19, 661, 6967
What are the prime factors of 52464550?
2, 5, 17, 61723
What are the prime factors of 33941326?
2, 16970663
List the prime factors of 6528393.
3, 29, 25013
List the prime factors of 6902744.
2, 101, 8543
What are the prime factors of 92249149?
31, 2975779
What are the prime factors of 699587966?
2, 7, 11, 4542779
What are the prime factors of 1682114112?
2, 3, 7, 417191
What are the prime factors of 870175393?
653, 1117, 1193
List the prime factors of 205402404.
2, 3, 31, 571, 967
What are the prime factors of 202311350?
2, 5, 1237, 3271
List the prime factors of 536581266.
2, 3, 13, 191, 36017
What are the prime factors of 20